rmine k(10).
20
Let z(v) = -v**3 - 32*v**2 - 75*v - 2422. Determine z(-32).
-22
Let p(r) = -r**3 - 12*r**2 + r + 261. Determine p(-9).
9
Let z(d) = -259*d + 1023. Give z(4).
-13
Let g(i) = i**3 - 25*i**2 - 34*i + 222. Determine g(26).
14
Let j(r) = -17809*r + 35626. Give j(2).
8
Let v(o) = o**2 + 14*o + 41. Determine v(-8).
-7
Let s(c) = c**2 + 159*c + 6294. Calculate s(-83).
-14
Let g(v) = 126*v**2 + 9704*v + 145. Calculate g(-77).
-9
Let c(v) = -v**3 + 20*v**2 - 3*v + 81. Calculate c(20).
21
Let v(i) = i**2 - 63*i + 806. Give v(54).
320
Let y(l) = l**2 - 410*l + 5180. Give y(13).
19
Let b(w) = -w**3 + 124*w**2 - 702*w - 704. Give b(118).
4
Let u(r) = -5*r**2 - 7*r - 17. Calculate u(-10).
-447
Let u(x) = 2*x**3 - 129*x**2 + 46*x + 1148. Determine u(64).
-4
Let i(h) = -33*h - 60. Give i(4).
-192
Let p(u) = -31*u + 6. Give p(-5).
161
Let q(j) = 60*j**3 - 7*j**2 + 10*j - 3. What is q(1)?
60
Let i(y) = 1006*y + 24102. What is i(-24)?
-42
Let u(f) = -95*f**2 - 81*f - 1. Calculate u(-1).
-15
Let g(z) = -z**2 - 92*z - 362. What is g(-4)?
-10
Let a(z) = 303*z + 4119. Calculate a(-14).
-123
Let f(p) = 4*p**2 - 323*p + 350. What is f(80)?
110
Let z(n) = 3*n**2 + 13*n - 5. What is z(-5)?
5
Let g(a) = -269*a + 2925. What is g(11)?
-34
Let w(c) = c**3 + 35*c**2 + 45*c + 382. Calculate w(-34).
8
Let k(x) = x**2 + 272*x + 1343. What is k(-5)?
8
Let g(y) = -2*y**3 - 12*y + 2. Give g(0).
2
Let w(k) = 10*k - 479. Give w(69).
211
Let g(q) = 31*q + 7. Determine g(0).
7
Let y(d) = 4*d**2 - 145*d - 1358. Give y(44).
6
Let k(p) = -744*p - 2235. What is k(-3)?
-3
Let b(t) = -t**3 - 70*t**2 - t - 288. Give b(-70).
-218
Let k(g) = -145*g - 1051. Give k(-4).
-471
Let t(j) = 5306*j - 31848. What is t(6)?
-12
Let c(v) = -11*v**2 + 199*v + 3. Calculate c(18).
21
Let k(g) = g**3 - 3*g**2 - 3*g - 81. Give k(6).
9
Let g(d) = 27*d - 943. Give g(35).
2
Let h(n) = 122*n + 2197. Determine h(-18).
1
Let y(x) = -x**2 - 117*x + 708. Calculate y(6).
-30
Let k(m) = -19*m**2 + 2385*m + 1142. Give k(126).
8
Let n(g) = 51*g + 873. Determine n(-17).
6
Let h(i) = i**3 + 13*i**2 + 37*i - 35. Give h(-7).
0
Let i(w) = w**2 - 11*w - 1445. Calculate i(-33).
7
Let g(y) = y**3 - 70*y**2 + 1224*y + 9. Give g(34).
9
Let r(n) = n**3 - 39*n**2 + 29*n + 198. What is r(38)?
-144
Let s(p) = 689*p**2 - 3446*p - 8. What is s(5)?
-13
Let u(r) = -r**3 + 26*r**2 - 48*r + 576. Determine u(25).
1
Let i(g) = g**2 - 420*g + 31329. Calculate i(97).
-2
Let k(s) = -2*s**3 + 15*s**2 + 23*s + 7. Determine k(8).
127
Let j(x) = 2*x**2 + 77*x + 179. Calculate j(-38).
141
Let c(i) = -224*i - 240. Give c(-1).
-16
Let z(t) = 2*t**2 - 1627*t - 9807. Determine z(-6).
27
Let d(c) = -5*c**2 + 46*c - 103. Calculate d(12).
-271
Let r(k) = 2*k**2 - 71*k + 588. Determine r(25).
63
Let y(o) = -6*o**2 - 77*o - 240. Calculate y(-7).
5
Let m(a) = 25*a + 460. Calculate m(-21).
-65
Let p(m) = 2*m**2 - 138*m - 1169. Determine p(-8).
63
Let z(g) = 2*g**3 + 35*g**2 + 30*g + 16. Give z(-7).
835
Let o(u) = -15*u - 527. Give o(-45).
148
Let r(t) = -t**2 - 40*t + 251. What is r(-46)?
-25
Let m(u) = u + 86. Calculate m(6).
92
Let x(q) = -q**3 + 2*q**2 + 42*q - 84. What is x(6)?
24
Let b(y) = 272*y + 28. Give b(2).
572
Let m(a) = 3*a**2 - 1096*a - 2200. Calculate m(-2).
4
Let c(j) = 8723*j - 87239. Give c(10).
-9
Let y(d) = -3*d**3 - d**2 + 32*d + 9. Give y(-3).
-15
Let l(x) = -345*x + 1313. Give l(4).
-67
Let w(b) = 4*b**2 - 16*b - 31. What is w(-4)?
97
Let w(n) = 21*n - 100. What is w(7)?
47
Let x(m) = 2*m**3 + 2*m**2 + 3*m + 14. Give x(0).
14
Let t(v) = 27*v + 98. Give t(-5).
-37
Let a(q) = -7*q**3 + 6*q**2 - 8*q - 1. Calculate a(-3).
266
Let x(y) = 2*y**3 + 43*y**2 + 21*y - 3. What is x(-21)?
-3
Let l(x) = -173*x - 1701. Give l(-10).
29
Let w(k) = -k**2 - 47*k - 351. Determine w(-9).
-9
Let d(v) = 76*v**3 - 2*v**2 - 5*v - 2. Give d(-1).
-75
Let j(m) = 70*m + 337. Give j(-15).
-713
Let f(s) = -s**3 + 6*s**2 + 48*s - 93. Calculate f(8).
163
Let y(l) = 16*l + 2. Determine y(3).
50
Let c(r) = r**3 - 7*r**2 - 13*r - 49. Give c(9).
-4
Let z(d) = d**3 - 8*d**2 + 9*d - 34. Give z(7).
-20
Let g(p) = 404*p - 27070. Calculate g(67).
-2
Let g(f) = f**2 + 38*f + 183. Give g(-8).
-57
Let u(f) = -422*f - 1636. Give u(-4).
52
Let t(u) = -30*u - 264. Give t(-7).
-54
Let j(z) = 35*z - 165. What is j(6)?
45
Let j(z) = -22*z - 226. Calculate j(-15).
104
Let f(p) = 3*p**3 - 90*p**2 + 84*p + 84. Calculate f(29).
-3
Let y(j) = 2*j**2 - 36*j - 4. Calculate y(0).
-4
Let h(w) = 66*w + 1790. What is h(-27)?
8
Let x(u) = 33*u**2 + 1913*u - 68. Determine x(-58).
-10
Let q(m) = -106*m + 407. Calculate q(8).
-441
Let o(q) = q**2 + 166*q - 1017. Calculate o(6).
15
Let y(p) = p**3 - 45*p**2 - 409*p + 2346. Calculate y(52).
6
Let g(l) = 18*l**2 - 108*l - 226. Give g(-2).
62
Let x(t) = -t**3 + 11*t**2 - 24*t + 3. Give x(8).
3
Let y(m) = 50*m + 217. Calculate y(-5).
-33
Let a(w) = w**3 - 10*w**2 + 37*w - 542. What is a(10)?
-172
Let i(l) = -l**3 + 3*l**2 + 298*l + 126. Give i(19).
12
Let p(h) = -6*h**3 + 149*h**2 + 29*h - 102. Determine p(25).
-2
Let y(p) = -p**2 + 110*p - 2443. What is y(31)?
6
Let n(p) = -3*p**2 + 149*p - 114. Give n(49).
-16
Let h(i) = -i**3 + 9*i**2 + 16*i - 26. Determine h(9).
118
Let l(h) = 470*h + 3286. Determine l(-7).
-4
Let c(w) = 289*w + 583. What is c(-2)?
5
Let z(d) = -2*d**2 - 44*d + 152. Determine z(3).
2
Let r(o) = -100*o - 262. What is r(1)?
-362
Let u(v) = -32*v**3 - 5*v**2 - 6*v. Determine u(-1).
33
Let t(l) = -l**3 - 76*l**2 - 546*l - 142. Calculate t(-68).
-6
Let d(y) = -y**2 + 26*y + 592. Give d(30).
472
Let s(c) = c**3 + 4*c**2 - 18*c + 3. What is s(-8)?
-109
Let b(q) = 13*q**2 - 1894*q + 1896. Calculate b(1).
15
Let l(x) = -x**2 - 34*x - 138. Calculate l(-31).
-45
Let k(h) = -401*h + 1194. Determine k(3).
-9
Let a(p) = -2*p**3 - 5*p**2 + 16*p - 52. Give a(4).
-196
Let l(g) = -213*g - 17700. What is l(-83)?
-21
Let l(v) = -v**3 - 15*v**2 + 209. Determine l(-14).
13
Let s(x) = -x**2 - 35*x + 7. What is s(-37)?
-67
Let y(s) = 8*s**3 - 521*s**2 + 56*s + 579. Calculate y(65).
-6
Let a(l) = -952*l - 13335. Give a(-14).
-7
Let z(f) = -f**3 + 43*f**2 + 251*f - 7253. What is z(45)?
-8
Let m(d) = 3*d**2 - 49*d + 80. Determine m(16).
64
Let w(p) = -5*p**2 - 158*p - 218. What is w(-30)?
22
Let m(v) = -2*v**3 + 10*v**2 - 165*v + 1230. Give m(8).
-474
Let b(m) = -3*m**2 - 50*m + 583. What is b(-23)?
146
Let x(b) = 3*b**2 - 1446*b - 7236. What is x(-5)?
69
Let d(c) = -2*c**3 + 4*c**2 + 11*c - 33. Calculate d(4).
-53
Let n(a) = -6*a**3 - 6*a**2 + 7*a + 1. What is n(1)?
-4
Let n(o) = o**3 - 4*o**2 - 65*o + 129. Give n(2).
-9
Let z(o) = -2236*o - 40275. Determine z(-18).
-27
Let a(w) = -4*w**2 + 418*w + 415. Determine a(-1).
-7
Let q(l) = -25*l - 367. Calculate q(-15).
8
Let r(d) = 114*d + 1003. Give r(-7).
205
Let p(w) = 3*w**2 - 76*w + 340. Determine p(6).
-8
Let w(z) = -3*z**3 + 222*z**2 + 458*z - 136. Calculate w(76).
16
Let w(k) = k**2 + 598*k - 4808. Determine w(8).
40
Let z(x) = 27934*x + 139669. Determine z(-5).
-1
Let p(u) = -110*u**2 + 61*u - 9. Determine p(1).
-58
Let p(h) = 4*h**3 - 61*h**2 + 112*h + 72. Give p(13).
7
Let l(p) = 2*p**2 - 449*p + 14618. What is l(185)?
3
Let m(i) = i**2 + 32*i + 32. Calculate m(-27).
-103
Let x(w) = -w**3 + 27*w**2 - 18*w - 178. Calculate x(26).
30
Let t(y) = -6*y + 149. Calculate t(-16).
245
Let s(x) = 46*x + 15. Determine s(-1).
-31
Let a(t) = t**3 + 10*t**2 - 37*t - 138. Calculate a(-12).
18
Let d(s) = -2*s**3 + 116*s**2 - 349*s + 1067. Determine d(55).
22
Let w(p) = -56*p**3 + 392*p**2 + 13*p - 26. Calculate w(7).
65
Let a(l) = -13*l - 91. Calculate a(-20).
169
Let y(k) = -3*k**2 - 27*k - 51. Give y(-6).
3
Let p(g) = 47*g + 30. What is p(-1)?
-17
Let t(d) = 27*d - 82. Determine t(3).
-1
Let w(h) = -2*h**3 - 165*h**2 - 776*h - 9. What is w(-5)?
-4
Let s(d) = -d**3 - 15*d**2 + 139*d - 142. Determine s(-22).
188
Let m(s) = 3*s**2 + 28*s + 78. Calculate m(-4).
14
Let q(m) = -148*m + 637. What is q(5)?
-103
Let v(i) = -i**3 - 2*i**2 - 29*i - 10. Give v(-7).
438
Let w(c) = 103*c - 4. Determine w(-2).
-210
Let v(c) = -2*c**2 - 44*c - 98. Calculate v(-17).
72
Let p(n) = -5*n**2 + 154*n + 325. Calculate p(33).
-38
Let g(l) = -l**3 - 5*l**2 + 2*l - 303. Give g(-9).
3
Let q(j) = -5*j**2 + 2*j + 7. What is q(4)?